
{"id":240,"date":"2017-09-21T09:38:16","date_gmt":"2017-09-21T09:38:16","guid":{"rendered":"http:\/\/www.fritek.no\/?page_id=240"},"modified":"2017-10-05T07:27:57","modified_gmt":"2017-10-05T07:27:57","slug":"enklere-bruk-av-datamaskin","status":"publish","type":"page","link":"https:\/\/www.fritek.no\/?page_id=240","title":{"rendered":"Enklere bruk av datamaskinen"},"content":{"rendered":"<h2><span style=\"color: #800080;\">Mus, tastatur, h\u00f8retelefoner<\/span><\/h2>\n<div id=\"attachment_247\" style=\"width: 274px\" class=\"wp-caption alignright\"><img loading=\"lazy\" decoding=\"async\" aria-describedby=\"caption-attachment-247\" class=\"wp-image-247\" src=\"https:\/\/www.fritek.no\/wp-content\/uploads\/2017\/09\/iStock-93364032-joystick.jpg\" alt=\"S\u00e5kalt joystick for styring av datamaskiner. Bildet viser en robust modell.\" width=\"264\" height=\"176\" srcset=\"https:\/\/www.fritek.no\/wp-content\/uploads\/2017\/09\/iStock-93364032-joystick.jpg 2121w, https:\/\/www.fritek.no\/wp-content\/uploads\/2017\/09\/iStock-93364032-joystick-300x200.jpg 300w, https:\/\/www.fritek.no\/wp-content\/uploads\/2017\/09\/iStock-93364032-joystick-900x600.jpg 900w, https:\/\/www.fritek.no\/wp-content\/uploads\/2017\/09\/iStock-93364032-joystick-750x499.jpg 750w, https:\/\/www.fritek.no\/wp-content\/uploads\/2017\/09\/iStock-93364032-joystick-360x240.jpg 360w\" sizes=\"auto, (max-width: 264px) 100vw, 264px\" \/><p id=\"caption-attachment-247\" class=\"wp-caption-text\">Joystick er ett eksempel p\u00e5 alternativt tilleggsutstyr. Joystick brukes istedenfor en datamus.<\/p><\/div>\n<p>Det fins &#8220;datatilbeh\u00f8r&#8221; som er spesielt utformet til barn og voksne som har nedsatt syn, h\u00f8rsel eller finmotorikk. Slike produkter har gjerne en robust utforming og funksjonalitet, i tillegg til bruk av farger og st\u00f8rrelse. Produktene som f.eks. mus, tastatur og h\u00f8retelefoner gj\u00f8r det enklere \u00e5 bruke en datamaskin eller et nettbrett.<\/p>\n<p>Ett eksempel er merket Clevy som i Norge f\u00f8res av bl.a. <a href=\"http:\/\/www.daisy.no\/produkter\/\" target=\"_blank\" rel=\"noopener\">Daisy<\/a>, <a href=\"https:\/\/www.normedia.no\/\" target=\"_blank\" rel=\"noopener\">Normedia<\/a>\u00a0og <a href=\"https:\/\/www.lekeakademiet.no\/pl\/Merker-Varemerker-Clevy_144313.aspx?CountryId=34\" target=\"_blank\" rel=\"noopener\">Lekeakademiet<\/a>. Alle f\u00f8rer ogs\u00e5 mange andre produkter som er utformet for mennesker med nedsatt funksjonsevne.<\/p>\n","protected":false},"excerpt":{"rendered":"<p>Mus, tastatur, h\u00f8retelefoner Det fins &#8220;datatilbeh\u00f8r&#8221; som er spesielt utformet til barn og voksne som har nedsatt syn, h\u00f8rsel eller finmotorikk. Slike produkter har gjerne en robust utforming og funksjonalitet, i tillegg til <a class=\"more-link\" href=\"https:\/\/www.fritek.no\/?page_id=240\"><\/a><\/p>\n","protected":false},"author":4,"featured_media":0,"parent":0,"menu_order":0,"comment_status":"closed","ping_status":"closed","template":"","meta":{"footnotes":""},"class_list":["post-240","page","type-page","status-publish","hentry"],"_links":{"self":[{"href":"https:\/\/www.fritek.no\/index.php?rest_route=\/wp\/v2\/pages\/240","targetHints":{"allow":["GET"]}}],"collection":[{"href":"https:\/\/www.fritek.no\/index.php?rest_route=\/wp\/v2\/pages"}],"about":[{"href":"https:\/\/www.fritek.no\/index.php?rest_route=\/wp\/v2\/types\/page"}],"author":[{"embeddable":true,"href":"https:\/\/www.fritek.no\/index.php?rest_route=\/wp\/v2\/users\/4"}],"replies":[{"embeddable":true,"href":"https:\/\/www.fritek.no\/index.php?rest_route=%2Fwp%2Fv2%2Fcomments&post=240"}],"version-history":[{"count":0,"href":"https:\/\/www.fritek.no\/index.php?rest_route=\/wp\/v2\/pages\/240\/revisions"}],"wp:attachment":[{"href":"https:\/\/www.fritek.no\/index.php?rest_route=%2Fwp%2Fv2%2Fmedia&parent=240"}],"curies":[{"name":"wp","href":"https:\/\/api.w.org\/{rel}","templated":true}]}}