
{"id":327,"date":"2017-11-23T10:58:13","date_gmt":"2017-11-23T10:58:13","guid":{"rendered":"http:\/\/www.fritek.no\/?page_id=327"},"modified":"2017-11-26T20:42:03","modified_gmt":"2017-11-26T20:42:03","slug":"digital-musikk","status":"publish","type":"page","link":"https:\/\/www.fritek.no\/?page_id=327","title":{"rendered":"Digital musikk"},"content":{"rendered":"<p>Det \u00e5 lage musikk \u2013 lyder, rytmer, toner \u2013 gir glede. Mestringsf\u00f8lelsen og skapergleden kan v\u00e6re stor selv om man er nybegynner eller ikke har interesse i eller forutsetninger for \u00e5 l\u00e6re \u00e5 beherske et tradisjonelt instrument. Det fins digitale instrumenter for mange aldersgrupper, mestringsniv\u00e5er og musikksjangere. Eksempler er:<\/p>\n<div id=\"attachment_331\" style=\"width: 505px\" class=\"wp-caption alignright\"><img loading=\"lazy\" decoding=\"async\" aria-describedby=\"caption-attachment-331\" class=\" wp-image-331\" src=\"https:\/\/www.fritek.no\/wp-content\/uploads\/2017\/11\/iStock-535627255.jpg\" alt=\"\" width=\"495\" height=\"330\" srcset=\"https:\/\/www.fritek.no\/wp-content\/uploads\/2017\/11\/iStock-535627255.jpg 4704w, https:\/\/www.fritek.no\/wp-content\/uploads\/2017\/11\/iStock-535627255-300x200.jpg 300w, https:\/\/www.fritek.no\/wp-content\/uploads\/2017\/11\/iStock-535627255-900x600.jpg 900w, https:\/\/www.fritek.no\/wp-content\/uploads\/2017\/11\/iStock-535627255-750x499.jpg 750w, https:\/\/www.fritek.no\/wp-content\/uploads\/2017\/11\/iStock-535627255-360x240.jpg 360w\" sizes=\"auto, (max-width: 495px) 100vw, 495px\" \/><p id=\"caption-attachment-331\" class=\"wp-caption-text\">Digital musikk kan skapes og nytes med relativt enkle midler p\u00e5 de aller fleste mestringsniv\u00e5er.<\/p><\/div>\n<ul>\n<li><strong>Pianomatte<\/strong> med mange instrumentlyder og rytmer \u00e5 velge mellom for \u00e5 tr\u00e5kke p\u00e5 for \u00e5 spille og lage musikk.<\/li>\n<li><strong>Trommesett<\/strong> med trykksensitive sensorer med mange ulike rytmer, lydeffekter, individuell innstilling av trommestil, separatrytme og justering av volum, \u201df\u00f8lg meg\u201d-\u00f8vingsfunksjon samt en kopling mot cd-spillere.<\/li>\n<li><strong>Elektroniske trommestikker<\/strong> med innebygd lyd. Man trykker p\u00e5 knappen for \u00e5 bytte trommelyden eller velge rytme.<\/li>\n<li><strong>Elektronisk keyboard<\/strong> med funksjoner for \u00e5 lage rytmer og melodier, leksjonsmodus, opp\u00adtaks- og avspillingsfunksjon, demosanger, stemmer, tilkobling for mikrofon og hode\u00adtelefoner m.m.<\/li>\n<li><strong>Melodica<\/strong> som er et bl\u00e5seinstrument som kan f\u00e5s med 12 tangenter i forskjellige farger. Lett \u00e5 spille sammen med den medf\u00f8lgende boken der notene er trykt i samme farger.<\/li>\n<li><strong>Taktil kube<\/strong> <a href=\"https:\/\/www.youtube.com\/watch?v=srRNtA3IzlQ\" target=\"_blank\" rel=\"noopener\">Skoog<\/a> som gj\u00f8r det mulig \u00e5 utforske kreative muligheter p\u00e5 iPad.<\/li>\n<\/ul>\n<p>N\u00e5r det gjelder musikkaktiviteter hjemme hos ungdommer, kan apper og programvare p\u00e5 PC\/Mac eller nett\u00adbrett\/smarttelefon v\u00e6re en god l\u00f8sning. Det fins nesten ubegrenset med programvare for \u00e5 <a href=\"https:\/\/www.commonsensemedia.org\/blog\/14-music-apps-games-and-websites-to-help-kids-compose-learn-and-discover\" target=\"_blank\" rel=\"noopener\">komponere musikk<\/a> p\u00e5 PC\/Mac (b\u00e5de programvare for nedlasting og nettbaserte programmer). Pro\u00adgramvare med engangsbetaling eller l\u00f8pende lisens kommer uten reklame og har ofte fint bruker\u00adgrensesnitt. For nettbrett og smarttelefoner fins utallige apper for forskjellige niv\u00e5er og priser.<\/p>\n<p>F\u00f8l\u00adgende s\u00f8keord i en s\u00f8kemotor, eller p\u00e5 App Store eller Google Play (Play Butikk), viser vei:<\/p>\n<ul>\n<li>Toca Band<\/li>\n<li>Morton Subotnick&#8217;s Pitch Painter<\/li>\n<li>Scape<\/li>\n<li>Creative Children Compose Music<\/li>\n<li>Kids Music Factory Free<\/li>\n<li>Garage Band<\/li>\n<li>Kids Music Instruments Sounds<\/li>\n<li>Real Piano and Keyboard<\/li>\n<li>Barns musikalske puslespill<\/li>\n<\/ul>\n<p>Om mulig kan et dedikert <strong>musikkrom<\/strong>\u00a0v\u00e6re en god l\u00f8sning for \u00e5 ha kontroll over &#8220;in\u00adstrumentene&#8221; og fordi b\u00e5de komponering, spilling og dansing kan (eller rettere sagt <em>kommer til \u00e5<\/em>) skape en del (gledes)st\u00f8y. N\u00e5r det gjelder musikkrommet m\u00e5 lydisolering vurderes b\u00e5de for omgivelsenes skyld og for \u00e5 unng\u00e5 ubehagelig ekko n\u00e5r musikk spilles i rommet.<\/p>\n<p>Dersom ungdommen kan og vil spille sammen, kan man danne et &#8220;band&#8221;. Det trengs ikke mange for\u00admaliteter, men noe veiledning vil v\u00e6re n\u00f8dvendig samt avtalte \u00f8vingstider. Ambisjonsniv\u00e5et kan ogs\u00e5 v\u00e6re moderat. Det \u00e5 spille sammen med rytmer og lyder og improvisere for a skape en &#8220;rocka sound&#8221; kan v\u00e6re nok.<\/p>\n<p>For musikkinteresserte er det ogs\u00e5 mulig \u00e5 lage <strong>spillelister<\/strong> av favorittmusikk ved hjelp av dedikerte tje\u00adnester (<a href=\"http:\/\/www.spotify.com\" target=\"_blank\" rel=\"noopener\">Spotify<\/a> med lisenskostnad per m\u00e5ned; l\u00e5tene kan ogs\u00e5 lagres lokalt dersom man velger Spotify Premium-lisens, eller <a href=\"http:\/\/www.apple.com\/lae\/itunes\" target=\"_blank\" rel=\"noopener\">iTunes<\/a> der musikk betales per l\u00e5t som lastes ned). Enda et alternativ er \u00e5 velge <a href=\"http:\/\/www.youtube.com\" target=\"_blank\" rel=\"noopener\">YouTube-musikkvideoer<\/a> og lage en privat spilleliste av favorittmusikkvideoer.<\/p>\n<p>&nbsp;<\/p>\n","protected":false},"excerpt":{"rendered":"<p>Det \u00e5 lage musikk \u2013 lyder, rytmer, toner \u2013 gir glede. Mestringsf\u00f8lelsen og skapergleden kan v\u00e6re stor selv om man er nybegynner eller ikke har interesse i eller forutsetninger for \u00e5 l\u00e6re \u00e5 <a class=\"more-link\" href=\"https:\/\/www.fritek.no\/?page_id=327\"><\/a><\/p>\n","protected":false},"author":4,"featured_media":0,"parent":0,"menu_order":0,"comment_status":"closed","ping_status":"closed","template":"","meta":{"footnotes":""},"class_list":["post-327","page","type-page","status-publish","hentry"],"_links":{"self":[{"href":"https:\/\/www.fritek.no\/index.php?rest_route=\/wp\/v2\/pages\/327","targetHints":{"allow":["GET"]}}],"collection":[{"href":"https:\/\/www.fritek.no\/index.php?rest_route=\/wp\/v2\/pages"}],"about":[{"href":"https:\/\/www.fritek.no\/index.php?rest_route=\/wp\/v2\/types\/page"}],"author":[{"embeddable":true,"href":"https:\/\/www.fritek.no\/index.php?rest_route=\/wp\/v2\/users\/4"}],"replies":[{"embeddable":true,"href":"https:\/\/www.fritek.no\/index.php?rest_route=%2Fwp%2Fv2%2Fcomments&post=327"}],"version-history":[{"count":0,"href":"https:\/\/www.fritek.no\/index.php?rest_route=\/wp\/v2\/pages\/327\/revisions"}],"wp:attachment":[{"href":"https:\/\/www.fritek.no\/index.php?rest_route=%2Fwp%2Fv2%2Fmedia&parent=327"}],"curies":[{"name":"wp","href":"https:\/\/api.w.org\/{rel}","templated":true}]}}